ime?
False
Suppose 223430 = -11*j + 16*j. Is j composite?
True
Suppose 1077*d - 1082*d - 2*u = -496363, 4*u = -4*d + 397100. Is d a composite number?
True
Suppose r = -2*t + 619, 0 = 44*t - 41*t + 6. Is r a composite number?
True
Let d(g) = 2*g**2 + 2. Let l be d(3). Suppose -l*y + 178 = -19*y. Let z = y - 87. Is z a composite number?
True
Suppose 378*x - 377*x + 5*l - 165871 = 0, -2*x + 5*l = -331772. Is x a prime number?
False
Let m be ((-18)/3)/2 - 315. Let r = m - -481. Is r prime?
True
Suppose 11*v = -4*v + 118134 + 351. Is v composite?
True
Is (-670670)/(-13) + (-6)/(-12)*-2 a composite number?
True
Let c(q) = -699*q - 2182. Is c(-87) a prime number?
True
Let a be (-1 + (0 - -1081))/(14/(-273)). Let g = a - -7590. Is g/(-50) + 4/(-10) prime?
True
Let x(v) = 11*v**3 + 19*v**2 + 26*v - 59. Is x(9) a composite number?
False
Suppose -5*f + 2*f + 2*j = -19, -5*f + 40 = 5*j. Suppose f*k - 5*k = -18. Let r(g) = 7*g**2 + 12*g - 8. Is r(k) prime?
False
Let s be 5 - (2 - (0/3 - 1)). Suppose -942 = -s*v + v. Let q = -608 + v. Is q a prime number?
False
Suppose f = -5*f - 108756. Let p = -10312 - f. Suppose 12*m = 10*m + p. Is m composite?
False
Let i = 1286709 + -441752. Is i a prime number?
True
Suppose 0 = 3*b - 5*l - 127476, -42493 = -b + 3*l - l. Is b prime?
True
Let q(f) = -20*f**3 - 85*f**2 + 10*f + 1. Is q(-12) a prime number?
False
Suppose 0 = 639*n - 648*n + 114417. Is n prime?
True
Let n = -31540 - -50645. Is n prime?
False
Suppose -10*d + 1319748 = -2933342. Is d a composite number?
False
Let w = 85526 + 65171. Is w a prime number?
True
Suppose -1341 = -5*l + 2109. Let t = l - 211. Is t a composite number?
False
Suppose 5*s - 3*w - 2418 = 0, 2412 = 5*s + 4*w - 34. Let v(i) = -i**3 - 27*i**2 + 54*i - 113. Let h be v(-29). Suppose h*l - s = 987. Is l a composite number?
False
Suppose 4*t = -9*r + 7*r + 16, 3*t - 12 = -2*r. Suppose 0*f - 5*f + 25735 = r. Is f composite?
False
Let c = 148 - 4065. Let d = c + 6096. Is d a prime number?
True
Is (12 - 10)/(14915670/(-3728923) + 4) prime?
True
Suppose -10*m = -2*c - 6*m + 32026, -3*m - 64072 = -4*c. Is c composite?
True
Let s(w) = -2*w + 33. Let l be s(6). Suppose 0 = l*o - 42777 - 194145. Is o prime?
False
Suppose 21*n = -109*n + 8476780. Is n composite?
True
Let x = -29 + 1309. Let i = 3081 - x. Is i a composite number?
False
Let d = 23 - 8. Let b be (-25217)/(-15) - (8/d)/4. Suppose -5*m + 5426 = b. Is m composite?
True
Suppose 1165 = 5*a + 4*n, -627 = -4*a - n + 294. Let g = a + 379. Suppose 5 = 2*t - 3*t, 3*i + 5*t - g = 0. Is i prime?
True
Let r = 46883 + 52380. Is r a composite number?
True
Let x be (72405/(12/(-4)))/(0 + -1). Let v be (9/(-12))/(x/12068 + -2). Suppose 2336 = -5*a + v. Is a composite?
True
Suppose 2*o + 26282 = 5*y, -y - 3*o = -6*o - 5259. Suppose -2*l = -y - 6758. Is l a prime number?
True
Let p(m) = -m**2 + 15*m + 18. Let k be ((-12)/(-10))/(39/520). Let g be p(k). Suppose -4*w - 3*t + 8644 = 0, g*w + 2*t = 5*w - 6483. Is w composite?
False
Let m = 3083 + -1436. Suppose -h - 249 - m = -3*i, h - 1259 = -2*i. Is i a prime number?
True
Suppose -3*t - 3*q + 90455 + 5206 = 0, 3*q + 31863 = t. Is t composite?
True
Let s = -524 + 529. Suppose -20*z + s*z = -255345. Is z composite?
True
Let j(s) = s**3 + 33*s**2 - 48*s + 71. Is j(21) a prime number?
True
Let x be (42/5)/(4/20). Suppose 4*s - 6 + x = 0. Let u(h) = -30*h + 37. Is u(s) a composite number?
False
Let x(i) = -i**2 + 42*i + 69. Let g be x(32). Let s = 1388 - 412. Let q = s - g. Is q composite?
False
Let y(p) = 2*p**2 + 21*p - 37. Let a be y(-12). Is (5 - 22212/(-6)) + 3 + a prime?
True
Let v be (-236570)/(-40) + (52/(-16) - -4). Let h = v + 206. Is h a prime number?
True
Let o = -4952 + -722. Is ((-4)/24 - 5/15)*o prime?
True
Let s(r) = -65*r**3 - r**2 + r. Let v be s(1). Suppose 8*w + 0*w - 1248 = 0. Let f = w - v. Is f a composite number?
True
Suppose -12*h + h + 847 = 0. Let v = -92 + h. Is (-3)/(-2)*(-7970)/v a prime number?
True
Let r(g) = 50*g**2 - 113*g - 17. Is r(-22) a composite number?
False
Suppose 0*w = -11*w + 86548. Suppose 0 = 13*l + w - 40641. Is l composite?
False
Suppose 135*q - 22879942 = -43*q. Is q a prime number?
False
Let p(j) = 377*j**2 + 7*j + 157. Is p(-12) a prime number?
True
Let h be (-2)/7*42/(-6). Suppose 3*y - h*d - 4816 = 1349, -8221 = -4*y + 3*d. Is y composite?
False
Let m(w) = 11*w**2 + 31*w + 91. Let b = -801 - -772. Is m(b) prime?
True
Let g(u) = -6*u - 136. Let l be g(-23). Suppose 0 = l*q - 16200 - 2866. Is q composite?
False
Let c(p) = 11*p**3 - 2*p**2 - 17*p - 45. Let a = -63 - -43. Let l be c(a). Is l/(-25) - 12/(-15) composite?
False
Let t = 118357 + -36267. Suppose -32*p = -42*p + t. Is p a composite number?
False
Let u(t) be the second derivative of t**5/5 + 5*t**4/12 + 7*t**3/2 - 11*t**2/2 - 184*t. Is u(10) a composite number?
True
Suppose -45*d = -44*d - 336. Suppose 7*o = -o + d. Suppose -8*c + o = -6*c. Is c a composite number?
True
Let g = 60474 - -354757. Is g a composite number?
False
Suppose 10*k + 48*k + 103*k = 11606007. Is k a prime number?
False
Let f(c) = 49535*c - 3769. Is f(10) a prime number?
True
Suppose -3*p = -3*a + 195366, -8*a - 65122 = -9*a + 5*p. Is a a composite number?
True
Is 205603 + 23 + -24 - -1*1 a composite number?
False
Suppose 2*n - 8*n = -60. Suppose 5*f + n = v, -5*v = -0*f - 5*f - 30. Suppose -2*y = -v*j - 1818, 3*j - 3417 = -3*y - 648. Is y a prime number?
True
Let y = 26115 + -18177. Suppose -10*j + y = -68132. Is j composite?
False
Is 16/36 - (-96)/(-216) - (-1 + -46126) a prime number?
False
Suppose 0 = c - 19 + 8. Suppose -10*y - 4 = -c*y. Suppose -s - 3*s = -2*x - 1276, 5*s + y*x = 1569. Is s a composite number?
False
Let s = -11 - -24. Suppose -s*d = -35*d + 371492. Is d composite?
True
Suppose -5*i + 4*o = -0*i + 21060, 4*o + 8452 = -2*i. Let t = 7281 + i. Suppose -820 + t = f. Is f a prime number?
False
Suppose -2*x + m - 2 = 5*m, 3*x + 5*m = -1. Suppose -7 = x*y - 16. Suppose y*r + 0*v - 4920 = 3*v, -v - 6557 = -4*r. Is r a composite number?
True
Suppose 4*o - 7812 = 4*r, 2*r = -6 - 2. Suppose 2*y = -5*z + o, 0 = -2*y + z + 1249 + 718. Is y/(0 + -1 + 3) a composite number?
False
Suppose -5*u = -12 - 58. Suppose 2*r - 4*x - u = 14, 0 = -5*x - 20. Suppose r*d - 699 = 279. Is d a prime number?
True
Let g(d) = -61032*d - 199. Is g(-1) prime?
False
Suppose 0 = 2*y - 303860 - 156798. Is y a composite number?
True
Let h(o) = -13473*o - 911. Is h(-4) prime?
True
Let u(h) = h**3 + 2*h**2 + 2*h + 2. Let m be u(-2). Let l be -2 - m*(-3)/((-12)/(-1942)). Let g = l - -1872. Is g prime?
False
Suppose -287 = -3*z + 2017. Suppose -k = 2*q - z - 1473, 0 = 2*q - 4*k - 2256. Suppose 0 = -4*m + 20, -5*s + 2*s = -3*m - q. Is s a prime number?
True
Let x(c) = 63*c**2 + c - 48. Let p be x(11). Let f = p - -21. Is f prime?
True
Let g = 25 + -43. Let f be 4/6 - 78/g. Suppose 1 = -j, 5*j = f*d - d - 289. Is d prime?
True
Let c(m) = 64*m**2 - 9*m - 8. Suppose -2*a - 2*f - 24 = 0, -2*f + 38 = -4*a - 4*f. Let y = -16 - a. Is c(y) composite?
True
Let f be (-2)/4 + (-10134)/(-12). Let n = f + -497. Suppose -n = -3*d - 2. Is d composite?
True
Let v(c) = 13*c**3 + 3*c**2 - 4*c - 7. Let l be (-12)/(-32) + 148/32. Is v(l) a prime number?
False
Suppose -4*g + 5*n + 9604 = 0, -2*n = 5*g + n - 12042. Suppose 5*y - q - g = 2312, -y = 5*q - 928. Is y composite?
True
Let t(k) = 158*k - 99. Let s be t(42). Suppose s = 18*d - 1545. Is d a composite number?
False
Let y(c) = c - 2. Let g be y(5). Suppose -4*d - v = 3*v - 4368, -4373 = -4*d - g*v. Is d composite?
False
Let k(d) = d**3 - 10*d**2 + 7*d + 21. Let l be k(9). Suppose 5*j - 12924 = 2*j + l*r, 5*j + 2*r = 21505. Is j prime?
False
Let b = 30235 - -80574. Is b a composite number?
True
Suppose 0 = 27*h + 154347 - 9811518. Is h a prime number?
False
Is (-54361*(15 - 14))/(-1) a prime number?
True
Suppose 5*j = 2*u + 2164341, 192*j - 191*j - u = 432867. Is j a composite number?
False
Suppose 3*b = -4*v + 12, 0 = 5*v - 6*v - 3*b + 3. Suppose v - 1 = n. Suppose -9 - 1 = n*m, u - 4*m - 2905 = 0. Is u a prime number?
False
Suppose -4*s + 1487913 = 183*g - 178*g, 0 = -3*g + 3*s + 892737. Is g prime?
True
Suppose 0 = 64*k - 74*k + 256570. Is k a prime number?
True
Let a(o) = o**3 + 25*o**2 + 26*o + 44. Let b be a(-24).